the highest common divisor of 2030 and 2233.
203
Calculate the greatest common divisor of 1139 and 3618.
67
Calculate the greatest common factor of 136 and 20621.
17
Calculate the highest common factor of 216 and 189.
27
What is the greatest common factor of 14 and 2?
2
Calculate the greatest common factor of 12 and 300.
12
Calculate the highest common divisor of 22 and 22.
22
Calculate the highest common factor of 33 and 187.
11
What is the greatest common divisor of 301 and 731?
43
What is the greatest common factor of 61 and 1769?
61
Calculate the greatest common factor of 24 and 492.
12
What is the highest common divisor of 1420 and 190?
10
What is the greatest common divisor of 6758 and 310?
62
Calculate the highest common divisor of 2286 and 18.
18
Calculate the greatest common divisor of 30 and 810.
30
Calculate the highest common divisor of 4 and 64.
4
Calculate the highest common factor of 45 and 2.
1
What is the highest common factor of 41 and 1517?
41
What is the greatest common factor of 226 and 6?
2
What is the greatest common divisor of 155 and 1364?
31
What is the greatest common factor of 891 and 33?
33
What is the highest common factor of 3856 and 16?
16
Calculate the greatest common divisor of 87 and 928.
29
What is the greatest common divisor of 208 and 864?
16
Calculate the highest common divisor of 114 and 57.
57
What is the highest common factor of 738 and 12?
6
Calculate the highest common factor of 22 and 12727.
11
What is the highest common divisor of 100 and 160?
20
What is the greatest common divisor of 32 and 496?
16
What is the greatest common factor of 56 and 518?
14
What is the highest common factor of 56 and 126?
14
What is the greatest common factor of 39 and 234?
39
What is the highest common divisor of 13 and 1157?
13
What is the greatest common factor of 58 and 1769?
29
What is the highest common divisor of 1100 and 400?
100
Calculate the greatest common divisor of 96 and 4944.
48
Calculate the greatest common factor of 32 and 228.
4
Calculate the greatest common divisor of 512 and 104.
8
Calculate the greatest common factor of 70 and 770.
70
What is the highest common factor of 713 and 552?
23
What is the greatest common factor of 9751 and 147?
49
What is the greatest common factor of 45744 and 48?
48
Calculate the greatest common divisor of 225 and 105.
15
What is the highest common divisor of 18031 and 247?
247
What is the greatest common divisor of 259 and 2331?
259
What is the greatest common factor of 94 and 36049?
47
Calculate the greatest common divisor of 321 and 12733.
107
What is the highest common factor of 55 and 22?
11
Calculate the greatest common divisor of 183 and 12.
3
Calculate the highest common divisor of 230 and 7015.
115
Calculate the highest common factor of 161 and 184.
23
Calculate the greatest common factor of 120 and 12120.
120
What is the greatest common factor of 2168 and 16?
8
Calculate the greatest common divisor of 117 and 325.
13
Calculate the greatest common divisor of 988 and 52.
52
What is the highest common factor of 7 and 252?
7
Calculate the greatest common factor of 27 and 6.
3
What is the greatest common divisor of 95 and 323?
19
Calculate the highest common divisor of 33 and 132.
33
Calculate the highest common factor of 650 and 520.
130
What is the greatest common divisor of 5017 and 173?
173
What is the highest common divisor of 3663 and 297?
99
Calculate the highest common factor of 198 and 72.
18
Calculate the highest common divisor of 82 and 41.
41
Calculate the greatest common divisor of 2869 and 302.
151
Calculate the highest common divisor of 4152 and 60.
12
What is the greatest common factor of 180 and 100?
20
What is the greatest common divisor of 18882 and 18?
18
Calculate the highest common factor of 24 and 708.
12
Calculate the highest common divisor of 11 and 22.
11
What is the greatest common divisor of 9555 and 13?
13
What is the greatest common divisor of 77 and 21?
7
Calculate the greatest common divisor of 20 and 220.
20
Calculate the highest common divisor of 100 and 10750.
50
What is the greatest common divisor of 3173 and 76?
19
What is the greatest common divisor of 6016 and 94?
94
Calculate the greatest common divisor of 31 and 1271.
31
What is the greatest common divisor of 37 and 84323?
37
What is the highest common factor of 4 and 34?
2
What is the greatest common divisor of 15 and 285?
15
What is the highest common factor of 377 and 26?
13
What is the highest common divisor of 30 and 5790?
30
What is the highest common factor of 847 and 154?
77
Calculate the highest common factor of 3 and 183.
3
What is the highest common factor of 552 and 115?
23
Calculate the highest common factor of 418 and 110.
22
Calculate the greatest common factor of 21747 and 11.
11
What is the highest common factor of 77 and 49?
7
What is the highest common factor of 174 and 406?
58
Calculate the greatest common divisor of 1 and 211.
1
Calculate the highest common divisor of 272 and 944.
16
Calculate the highest common factor of 451 and 110.
11
What is the highest common factor of 240 and 330?
30
Calculate the greatest common divisor of 360 and 288.
72
What is the highest common divisor of 8 and 256?
8
What is the greatest common divisor of 410 and 250?
10
What is the greatest common divisor of 99 and 192?
3
What is the greatest common divisor of 47 and 1316?
47
What is the greatest common factor of 403 and 31?
31
Calculate the highest common divisor of 15 and 381.
3
Calculate the highest common factor of 1682 and 58.
58
What is the highest common divisor of 684 and 72?
36
Calculate the greatest common divisor of 3239 and 395.
79
What is the highest common factor of 20 and 570?
10
Calculate the highest common factor of 5016 and 4224.
264
What is the highest common factor of 901 and 53?
53
What is the greatest common factor of 176 and 16?
16
What is the highest common factor of 1400 and 600?
200
Calculate the greatest common factor of 221 and 52.
13
What is the greatest common divisor of 4 and 4794?
2
Calculate the highest common factor of 13 and 208.
13
Calculate the highest common factor of 76 and 8.
4
What is the greatest common factor of 1406 and 74?
74
Calculate the greatest common factor of 4959 and 38.
19
Calculate the highest common divisor of 88 and 286.
22
Calculate the greatest common divisor of 145 and 29.
29
What is the highest common factor of 586 and 2?
2
What is the highest common divisor of 2541 and 5544?
231
What is the highest common factor of 117 and 78?
39
What is the highest common divisor of 2134 and 1261?
97
What is the highest common divisor of 2178 and 45?
9
What is the greatest common divisor of 2016 and 315?
63
What is the highest common factor of 90 and 110?
10
What is the greatest common divisor of 598 and 26?
26
What is the highest common factor of 20 and 2140?
20
Calculate the highest common factor of 390 and 10686.
78
What is the greatest common factor of 144 and 450?
18
What is the highest common factor of 1326 and 156?
78
Calculate the greatest common divisor of 29 and 3509.
29
What is the highest common divisor of 240 and 150?
30
Calculate the greatest common divisor of 308 and 88.
44
Calculate the greatest common factor of 515 and 5.
5
What is the highest common divisor of 56 and 602?
14
Calculate the greatest common factor of 29 and 2987.
29
Calculate the greatest common divisor of 57 and 152.
19
Calculate the highest common factor of 42 and 112.
14
What is the greatest common factor of 132 and 24?
12
What is the highest common factor of 2686 and 34?
34
What is the greatest common factor of 32 and 2272?
32
Calculate the highest common factor of 3871 and 316.
79
Calculate the greatest common factor of 9 and 3771.
9
What is the greatest common factor of 13860 and 180?
180
What is the greatest common divisor of 1 and 668?
1
What is the greatest common divisor of 87 and 2349?
87
What is the highest common factor of 16 and 44?
4
Calculate the greatest common factor of 195 and 3575.
65
Calculate the greatest common factor of 33 and 275.
11
What is the highest common divisor of 20263 and 23?
23
What is the greatest common divisor of 425 and 85?
85
What is the highest common factor of 112 and 175?
7
Calculate the greatest common 